x.
12641
Let a(i) = 188*i**2 - 37*i + 185. List the prime factors of a(6).
53, 127
Let l(r) = 645*r + 8. Let f be l(-5). Let p = -1233 - f. What are the prime factors of p?
2, 31
Suppose -78 = r - 7*r. Let f = 162 + r. List the prime factors of f.
5, 7
Let w be 1/((-10848)/2172 - (0 + -5)). Let k = 446 - 122. Suppose k + w = 5*g. What are the prime factors of g?
101
Suppose -2*v + 444 = 2*i - 464, 894 = 2*v - 5*i. List the prime factors of v.
2, 113
Let c = 97474 - 50345. List the prime factors of c.
47129
Let n(f) be the third derivative of 40*f**2 + 1/24*f**4 + 14/3*f**3 + 0*f + 1/60*f**5 + 0. What are the prime factors of n(13)?
2, 3, 5, 7
Suppose 694*k - 4014 = 345*k + 331*k. Let a = -281 - -645. Let s = a - k. What are the prime factors of s?
3, 47
Let y(u) = -4471*u - 6850. What are the prime factors of y(-4)?
2, 3, 613
Let i be ((-3)/2)/((-10)/20). Let b be i + -3 + -1 - 82. Let n = b + 121. What are the prime factors of n?
2, 19
Let r = -44035 + 67305. What are the prime factors of r?
2, 5, 13, 179
Let d(r) be the first derivative of -39*r**2/2 - 81*r + 112. What are the prime factors of d(-10)?
3, 103
Suppose -4*r - q + 2 = 0, 11 = -4*q + 19. Suppose 6*i - 1724 - 748 = r. List the prime factors of i.
2, 103
Suppose -1439 = -9*b + 2359. Let s = b - 174. Suppose s = -7*h + 1228. List the prime factors of h.
2, 5, 7
Suppose f + 71 - 269 = 0. Let h = 138 + f. List the prime factors of h.
2, 3, 7
Let h be (-20 - -18)/((-2)/8). Suppose -h*t + 2112 = -4*t. What are the prime factors of t?
2, 3, 11
Let s = -552 - -556. Suppose 15 - 3 = -3*y, 4*y - 512 = -s*h. List the prime factors of h.
2, 3, 11
Let c be 1224/85*115/2. Suppose -2*q + c = 5*j - j, 5*q - 2064 = -4*j. What are the prime factors of (-1)/(-3) - -3*q/18?
3, 23
Let p = 82916 + -54508. What are the prime factors of p?
2, 53, 67
List the prime factors of (-798)/1463 - (-29030)/22.
1319
Let r(o) = -5*o**3 - 3*o**2 - 5*o + 3. Let u = 238 - 241. What are the prime factors of r(u)?
2, 3, 7
Let s(v) = 292*v + 163 - 319 + 153. Let r be (-2)/(-2) - -2 - 2. What are the prime factors of s(r)?
17
Let y(m) = 1251*m**3 - 3*m**2 - 3*m + 7. What are the prime factors of y(1)?
2, 313
What are the prime factors of 6 + 6266/3*(-6)/(-4) - 2?
3137
Suppose x = 2*m - 1435, 12*x = 3*m + 8*x - 2150. Let y = -348 + m. What are the prime factors of y?
2, 5, 37
Let v(s) = -2101*s + 340. List the prime factors of v(-8).
2, 3, 1429
Let m(n) = 113*n**2 - 254*n + 213. List the prime factors of m(18).
3, 13, 827
Suppose 13*b + 11659 + 10909 = 0. Let d = -498 - b. List the prime factors of d.
2, 619
Let g = 18 - 8. Suppose -g*m - 685 + 6235 = 0. List the prime factors of m.
3, 5, 37
Let u(l) = 3196*l**3 - 2*l**2 + 116*l - 223. List the prime factors of u(2).
3, 947
Suppose 0 = 6*x - 3539 - 5779. List the prime factors of x.
1553
Let c = 20168 + -5831. List the prime factors of c.
3, 59
Let i(h) be the second derivative of -h**5/20 + 99*h**2/2 - 18*h. Let s be i(0). Let g = s - 28. What are the prime factors of g?
71
Let j(d) = 49*d**2 - 122*d - 449. What are the prime factors of j(-28)?
29, 1427
Let y = 3555 + -244. List the prime factors of y.
7, 11, 43
Let x = -40 + 60. Let d be (-2)/4 - (-1770)/x. Suppose s = 5*o + 3*s - d, -53 = -3*o - s. What are the prime factors of o?
2, 3
Suppose -6*t - 142950 = -15*r + 12*r, 3*r + 5*t - 143038 = 0. What are the prime factors of r?
2, 23833
Let l(n) = -n**2 + 18*n - 11. Let d be l(17). Suppose w + d*w = 2709. Suppose 0 = -5*h + w - 107. List the prime factors of h.
2, 7
Suppose -3*a - 8 = -a, -3*z = -4*a - 6865. Suppose 6*h - z = 1965. List the prime factors of h.
2, 3, 59
Suppose -49 = 4*l - 65. Let w(v) = -l*v - 2*v**3 + 3*v**3 + 24*v**2 - 15*v**2 + 10 - 9*v. List the prime factors of w(-10).
2, 5
Suppose -2*i - 2*i + 14 = 2*v, -4*i = -3*v + 1. Let t = -7 + i. Let h = t + 102. What are the prime factors of h?
97
Let w be (-2)/12 - (-663)/(-18). Let j = w - -33. List the prime factors of ((-56)/(-35))/(j/(-410)).
2, 41
Let k = 248 + -1106. Let p = -564 - k. List the prime factors of p.
2, 3, 7
Let v(r) = -r**3 + r**2 - 237. Let t be (4*1/(-2) + 3)*0. Let g be v(t). Let k = 431 + g. What are the prime factors of k?
2, 97
Suppose -122715 = 22*h - 27*h - 2*s, -3*s = -15. List the prime factors of h.
11, 23, 97
Suppose 0 = 190*n + 86*n - 3148884. List the prime factors of n.
3, 3803
Suppose -3*i - 3 = 5*d, 4*d + 5*i - 1 = -6. Let j be (320 + 1)*2 + d + 0. Suppose 0 = -0*q - 6*q + j. List the prime factors of q.
107
Let u(y) = 2*y**3 + y**2 - y - 2. Let t be u(-1). Let x(v) = -8*v - 34. Let d(i) = 9*i + 35. Let f(l) = t*x(l) - 3*d(l). What are the prime factors of f(-15)?
2
Let s(a) = 168*a + 5766. List the prime factors of s(17).
2, 3, 479
Suppose 5*k - 4*k + 5 = 0. Let h(t) be the second derivative of -t**5/10 - 2*t**4/3 + t**3/3 + 3*t**2 + 9*t. What are the prime factors of h(k)?
2, 23
Let t = -195 + 194. Suppose 5*m - 1 - 4 = 0. List the prime factors of m + (-3)/3 - t*38.
2, 19
Let b be -6*(-1 - (-4)/(-4)). Let x(a) = a**3 - a**2 - 50. Let d be x(0). Let l = b - d. What are the prime factors of l?
2, 31
Let k = -8071 - -13876. List the prime factors of k.
3, 5, 43
Suppose 9*a + 36 = -0*a. What are the prime factors of 361 - -5*(a - 42/(-10))?
2, 181
Let m be -8*(-4 + 116/32). Suppose -233 = -m*r + j - 815, 0 = -5*r - 5*j - 950. Let c = -70 - r. What are the prime factors of c?
3, 41
Suppose 5*p + 3202 = 4*o - 14852, 4*p - 22547 = -5*o. List the prime factors of o.
13, 347
Suppose 0 = -2*b - b - 27*b + 638070. What are the prime factors of b?
21269
Suppose -5*l = -h - 38 + 8, 3*h + 25 = 2*l. Let o(z) = 143*z + 100. What are the prime factors of o(l)?
5, 163
Let s = 4645 - 1739. List the prime factors of s.
2, 1453
Suppose 4*z - 12 = z. Let l(j) = -4*j**3 - j**2 - 5. Let o(t) = 3*t**3 + 2*t**2 - t + 5. Let p(k) = 4*l(k) + 5*o(k). List the prime factors of p(z).
17
Suppose -3*c + 5*o = -6*c - 29, 4*c + 4*o = -52. Let q(u) = u**3 + 19*u**2 - 64*u + 70. List the prime factors of q(c).
2, 773
Let z(v) be the first derivative of -18 + v**3 + v + 3/2*v**2. What are the prime factors of z(-6)?
7, 13
Let g(j) be the third derivative of -j**6/120 - 17*j**5/60 - j**4/4 + 17*j**3/6 - 43*j**2. What are the prime factors of g(-18)?
449
Let d = -502 + 505. Suppose -4*r + 1320 = d*c + c, 0 = c - 3. What are the prime factors of r?
3, 109
Let l = 2988 - -7164. List the prime factors of l.
2, 3, 47
Let l(a) = -152*a**3 + 4*a**2 + 889*a + 5321. List the prime factors of l(-6).
7, 17, 277
Let z(a) be the first derivative of -a**4/4 - 5*a**3/3 + 5*a**2/2 + 38*a - 69. List the prime factors of z(-9).
317
Let v(y) be the second derivative of y**5/20 - y**4/3 - 5*y**3/6 + 20*y**2 + y - 39. List the prime factors of v(5).
2, 5
Let t(z) = z**2 + 2*z - 2. Let g(o) = o**3 - 9*o**2 + 34*o - 37. Let m(q) = g(q) - 5*t(q). List the prime factors of m(14).
3, 103
Let o be 6/8 - (-50)/8. Suppose 0*h = 2*g + 3*h + o, 27 = -3*g + h. List the prime factors of 3 - (18/g)/((-21)/(-560)).
3, 7
List the prime factors of (29 + -23)*(-362)/1*(-47)/4.
3, 47, 181
What are the prime factors of 9788/(-10)*(360/(-18) + 15)?
2, 2447
Let c = -8 + 14. Suppose 441 + 279 = -c*x. Let a = -79 - x. List the prime factors of a.
41
Suppose 4*o + 4 = -b + 3*b, 0 = -5*o. List the prime factors of 55/(-33)*(4*-25 - b).
2, 5, 17
Let o(u) = u**3 - 8*u**2 - 4*u + 3. Let s be o(4). Let g = s - -316. List the prime factors of g.
239
Let c be (-6)/(-9)*(-3)/2. Let v be -211 + (0 + 1)/c. Let j = v + 301. List the prime factors of j.
89
Suppose -1884863 - 934107 = -110*w. What are the prime factors of w?
7, 523
Let x = 426 - 421. Suppose -x*s = 9*s - 574. What are the prime factors of s?
41
List the prime factors of (59176*(-12)/84)/((-4)/14).
2, 13, 569
Suppose 25849 = 118*n - 116*n - 5*k, -k + 12928 = n. List the prime factors of n.
3, 31, 139
Let s = -572 - -577. Suppose 3*z + x = 1601, -30*x + 29*x = s*z - 2669. What are the prime factors of z?
2, 3, 89
Suppose 38*p - 173926 = -0*p. List the prime factors of p.
23, 199
Suppose 5*f = p - 31, -3*f - 19 = -3*p + 2*p. Let k(t) = -t. Let v(z) = -6*z - 20. Let q(g) = 5*k(g) - v(g). What are the prime factors of q(f)?
2, 7
List the prime factors of 4/(-10) - 74728/(-20) - (-60)/60.
37, 10